 2. Determine g(-17).
2
Let l(m) = 2*m**2 - 3663*m - 7323. What is l(-2)?
11
Let m(s) = 2718*s + 2738. Determine m(-1).
20
Let r(t) = -6*t - 29. Give r(-11).
37
Let f(c) = 4*c - 636. Determine f(43).
-464
Let u(g) = -2*g**3 - 45*g**2 + 26*g + 212. What is u(-23)?
143
Let q(t) = -576*t - 16692. What is q(-29)?
12
Let d(s) = s**3 - 9*s**2 - 51*s + 343. Calculate d(5).
-12
Let p(u) = -11*u**2 + 95*u + 847. Give p(14).
21
Let n(t) = -t**3 + 4*t**2 + 15*t + 8. Give n(-2).
2
Let c(n) = 127*n + 976. Determine c(-10).
-294
Let b(y) = -33*y - 283. What is b(-10)?
47
Let m(j) = -3*j**2 - 172*j - 85. What is m(-57)?
-28
Let w(d) = -d**2 - 48*d - 261. Calculate w(-40).
59
Let c(o) = -34*o - 1426. Calculate c(-42).
2
Let i(t) = -3*t**2 - 823*t - 5896. Give i(-267).
-22
Let g(x) = x**2 - 211*x + 840. Calculate g(4).
12
Let h(k) = 56*k - 98. Determine h(-5).
-378
Let j(c) = -c**3 - 32*c**2 - 69*c - 1161. What is j(-31)?
17
Let g(c) = 3*c**2 - 101*c + 205. Give g(31).
-43
Let a(z) = z**2 + 7*z - 28. Determine a(-10).
2
Let o(n) = -n**2 - 807*n + 8062. Give o(10).
-108
Let h(t) = 2*t**2 - 818*t + 9549. What is h(12)?
21
Let d(a) = 15*a - 212. Give d(-9).
-347
Let s(r) = 34*r + 1028. Calculate s(-30).
8
Let k(v) = -v**2 + 35. Calculate k(7).
-14
Let z(j) = -31*j - 123. Determine z(-9).
156
Let m(o) = 23*o - 484. Calculate m(18).
-70
Let v(x) = -2*x**3 + 16*x**2 + 37*x - 1. Give v(-2).
5
Let i(j) = j**2 - 62*j + 359. Calculate i(55).
-26
Let b(p) = 2*p**3 - 4*p**2 - 8*p - 24. Determine b(4).
8
Let g(c) = -c**3 - c**2 + 1021*c + 2045. Give g(-2).
7
Let v(g) = g**3 + 85*g**2 - 192*g - 1453. Determine v(-87).
113
Let c(r) = -150*r + 590. Give c(4).
-10
Let v(l) = l**3 - 114*l**2 + 224*l - 19. Give v(112).
-19
Let z(k) = 593*k + 2969. Calculate z(-5).
4
Let d(y) = -2425*y - 14554. Determine d(-6).
-4
Let s(h) = 21*h**3 + 7*h**2 + 9*h + 3. What is s(-1)?
-20
Let v(w) = 37*w - 286. Calculate v(0).
-286
Let d(y) = -16*y**2 - 1796*y - 465. What is d(-112)?
-17
Let n(m) = 2*m**3 + 36*m**2 - 175*m + 43. What is n(-22)?
21
Let w(l) = 2*l**3 - 81*l**2 - 211*l - 38. What is w(43)?
134
Let p(c) = 2*c**2 + 51*c - 158. Determine p(-28).
-18
Let x(u) = -65*u - 2673. Give x(-41).
-8
Let j(a) = -2*a**2 + 120*a + 344. Determine j(63).
-34
Let c(p) = -2*p**3 - 113*p**2 - 166*p - 55. What is c(-55)?
0
Let t(f) = -22*f + 9. Determine t(-4).
97
Let r(p) = -362*p - 11214. Calculate r(-31).
8
Let d(g) = -5*g + 43. Give d(-7).
78
Let p(i) = -i**3 - 2*i**2 + 6*i - 42. Calculate p(-5).
3
Let v(l) = -l**3 - 18*l**2 - 235*l - 4830. What is v(-19)?
-4
Let m(c) = -3250*c + 6487. Determine m(2).
-13
Let l(i) = 18*i + 873. Determine l(-37).
207
Let l(g) = 821*g - 12315. Determine l(15).
0
Let y(o) = -13*o**2 + 4*o - 13. What is y(2)?
-57
Let g(s) = 762*s - 771. Determine g(1).
-9
Let t(d) = 1418*d - 110603. What is t(78)?
1
Let n(w) = -152*w**2 + 1830*w - 59. Calculate n(12).
13
Let k(t) = 47*t + 4204. Calculate k(-87).
115
Let w(g) = -82*g - 438. Give w(-5).
-28
Let k(d) = d**2 - 54*d + 233. What is k(51)?
80
Let s(c) = -c**3 + 6*c**2 - 11*c + 4. Calculate s(3).
-2
Let m(t) = -30*t**3 + t**2 - 4*t - 5. What is m(-1)?
30
Let k(c) = 124*c - 1334. Calculate k(11).
30
Let d(a) = -8*a + 21. Calculate d(4).
-11
Let m(u) = -6*u**2 + 96*u - 189. Calculate m(2).
-21
Let g(i) = 1922*i + 26899. Give g(-14).
-9
Let d(q) = 222*q + 1721. Calculate d(-8).
-55
Let l(x) = -2*x**2 + 11*x - 15. Calculate l(5).
-10
Let c(v) = -v**2 + 1962*v - 11738. Give c(6).
-2
Let x(c) = 8584*c - 137346. Give x(16).
-2
Let l(g) = -g - 19. Calculate l(-3).
-16
Let t(p) = -13*p**3 + 77*p**2 + 13*p - 41. Determine t(6).
1
Let s(g) = -1131*g - 5642. Calculate s(-5).
13
Let j(t) = -t**2 + 67*t - 799. Determine j(15).
-19
Let w(y) = -y**3 + 6*y**2 - 13*y + 537. What is w(10)?
7
Let a(k) = 4*k**2 + k - 71. What is a(11)?
424
Let n(y) = -y**2 + 126*y - 3101. Give n(91).
84
Let r(d) = -2*d**3 - 22*d**2 - 13*d - 30. Calculate r(-9).
-237
Let l(q) = -24*q + 905. Give l(29).
209
Let y(w) = -w**2 + 434*w - 7070. Calculate y(17).
19
Let t(f) = -26*f**3 + f**2 + f + 2. Determine t(-1).
28
Let n(w) = -853*w + 25598. Determine n(30).
8
Let p(c) = -80*c + 62. What is p(8)?
-578
Let m(d) = -138*d - 259. What is m(-2)?
17
Let u(s) = -134*s + 97. Calculate u(1).
-37
Let c(a) = -134*a - 218. Give c(-4).
318
Let p(q) = 111*q + 2039. What is p(-17)?
152
Let v(w) = 136*w + 1769. Give v(-13).
1
Let q(v) = -4*v**2 + 1071*v + 14602. Calculate q(-13).
3
Let u(y) = y**2 + 31*y + 162. Give u(-19).
-66
Let f(k) = k**3 + 15*k**2 - 9*k + 83. Calculate f(-16).
-29
Let m(n) = -n**3 + 12*n**2 - 25*n - 47. Give m(9).
-29
Let m(a) = -a**3 - 6*a**2 - 24*a - 171. Give m(-7).
46
Let s(n) = 17*n**2 + 7*n - 17. Give s(4).
283
Let d(l) = 1878*l - 5643. Calculate d(3).
-9
Let l(n) = -395*n + 2006. Give l(5).
31
Let a(o) = -10*o**2 - 27*o - 16. Determine a(-2).
-2
Let a(i) = -i**3 + 70*i**2 - 78*i + 643. Calculate a(69).
22
Let n(k) = 902*k**2 - 5429*k + 99. Give n(6).
-3
Let t(w) = 2*w**3 - 15*w**2 - 10*w + 49. Calculate t(8).
33
Let j(n) = -24*n + 3032. What is j(92)?
824
Let j(k) = -7*k**2 + 1. What is j(3)?
-62
Let i(v) = -72*v**3 - 577*v**2 - 6*v + 16. What is i(-8)?
0
Let r(l) = 4*l**2 + 26*l + 28. Determine r(-1).
6
Let j(x) = 24*x - 4. Determine j(16).
380
Let i(w) = w**3 - 51*w**2 - 173*w + 587. Calculate i(54).
-7
Let a(m) = 2*m**2 - 23*m - 2. Give a(12).
10
Let i(c) = -c**3 - 6*c**2 + 119*c + 2. Give i(-15).
242
Let t(k) = -k**3 + 70*k**2 + k - 151. Calculate t(70).
-81
Let r(b) = 385*b + 518. Calculate r(-2).
-252
Let c(z) = 2*z**3 - 9*z**2 - 14*z + 61. Calculate c(5).
16
Let c(v) = -43*v - 1140. Give c(-26).
-22
Let r(l) = 53*l - 1443. Calculate r(29).
94
Let i(c) = 377*c - 700. What is i(2)?
54
Let b(l) = 15*l**2 + 191*l + 609. What is b(-6)?
3
Let c(u) = 5*u**3 - 367*u**2 - 224*u + 149. Determine c(74).
1
Let j(l) = 162*l + 1299. Determine j(-8).
3
Let b(t) = -t**3 + 19*t**2 + 2*t - 43. Give b(19).
-5
Let j(q) = -q**3 - 22*q**2 - 75*q + 550. Give j(-14).
32
Let u(q) = 18*q**3 + 187*q**2 + 73*q + 24. What is u(-10)?
-6
Let g(z) = -633*z + 8857. Calculate g(14).
-5
Let r(i) = 3*i**3 - 380*i**2 - 122*i - 633. Give r(127).
2
Let x(f) = -f**2 - 34*f + 19. Calculate x(-18).
307
Let g(c) = c**3 + 19*c**2 + 77*c - 94. Determine g(-9).
23
Let v(a) = -211*a + 1263. Determine v(6).
-3
Let x(a) = -a**3 + 79*a**2 - 569*a + 74. Give x(71).
3
Let j(y) = 2*y**2 + 261*y - 796. Determine j(3).
5
Let m(k) = 1060*k + 77378. Determine m(-73).
-2
Let k(u) = 802*u + 4. Determine k(0).
4
Let r(x) = -167*x + 84. Determine r(1).
-83
Let q(r) = 7*r**2 - 19*r + 72. Give q(-10).
962
Let c(y) = 43*y + 2690. Give c(-62).
24
Let h(s) = -28*s + 884. Determine h(31).
16
Let s(w) = 1507*w. What is s(0)?
0
Let v(t) = -t**3 - 16*t**2 + 12*t + 134. Give v(-14).
-426
Let q(w) = w**3 + 33*w**2 + 229*w - 13. Calculate q(-11).
130
Let a(m) = 2*m**2 - 37*m - 569. Determine a(-10).
1
Let q(i) = 2764*i + 13816. Determine q(-5).
-4
Let v(h) = -51*h + 5867. Give v(115).
2
Let h(j) = -j**3 + 9*j**2 - 28*j + 329. Give h(9).
77
Let x(a) = 80*a - 556. What is x(7)?
4
Let d(l) = -2*l**2 + 22*l + 426. What is d(21)?
6
Let l(g) = -68*g + 4149. Calculate l(61).
1
Let u(s) = s**3 + 80*s**2 + 79*s + 10. What is u(-79)?
10
Let r(q) = q**2 - 70*q + 876. What is r(16)?
12
Let b(o) = 6*o**2 + 173*o - 33. What is b(-29)?
-4
Let g(k) = k + 30. Calculate g(-29).
1
Let s(c) = 348*c**3 - 4*c**2 - 4*c + 5. Calculate s(1).
345
Let v(i) = -2*i**3 + 118*i**2 + 502*i + 120. Calculate v(63).
-6
Let r(p) = p**2 + 14*p - 162. Determine r(-26).
150
Let a(r) = r**3 - 49*r**2 + 79*r + 701. Determine a(47).
-4
Let h(x) = -x**3 + 12*x**2 - 42*x + 340. Give h(11).
-1
Let i(l) = l**3 + 40*l**2 - 180*l - 182. Give i(-44).
-6
Let w(r) = -32*r - 2134. Calculate w(-67).
10
Let q(n) = -n**2 - 25*n - 170. What is q(-20)?
-70
Let l(q) = -405*q + 41725. Determine l(103).
10
Let z(k) = k**3 + 24*k**2 - 24*k - 12. Determine z(-25).
-37
Let u(l) = -1565*l - 131462. Determine u(-84).
-2
Let n(l) = -l**2 - 2988*l + 26983. Calculate n(9).
10
Let d(p) = -p**2 + 70*p - 616. What is d(16)?
248
Let g(i) = 9*i - 63. Determine g(-15).
-198
Let b(x) = 631*x - 1424. Determine b(2).
-162
Let r(c) = 14*c**2 - 13*c - 93. Determine r(-6).
489
Let i(k) = k**2 -